 v = -4120 - -9078. Suppose -3*k + 2646 = t + 157, -2*t = k - v. Is t a prime number?
True
Let o = -98050 + 140219. Is o prime?
True
Suppose 270*d + 11980187 = 67347197. Is d a prime number?
True
Suppose 0 = -3*o - 4*k + 36791, 2*k = -7*o + 9*o - 24532. Suppose -9*q + 20*q = o. Is q a prime number?
False
Suppose -15 = 3*q, 0 = -6*c + 3*c - 5*q - 22. Let d be (3 + -2)*(0 - c). Let v(k) = 1087*k**2 + k + 1. Is v(d) a composite number?
False
Is 15/(-2)*((-237526740)/50)/11 + -2 composite?
False
Suppose 40 = -3*k + 82. Let f(m) = -m**3 + 43*m**2 - 6*m - 43. Is f(k) prime?
True
Suppose -1 = 39*d - 40*d. Suppose m - d = 5. Suppose -3479 = m*h - 9437. Is h prime?
False
Let j(c) = c**3 + c**2 - 3*c - 4. Let f be j(-2). Let i(z) = -7*z**3 - 2*z**2 - z + 1. Let u be i(f). Is (8/1)/2 + u prime?
False
Let u(i) = 1531*i**3 + 2*i**2 - 2*i + 2. Let q be u(1). Suppose 3*r - 1538 = -0*k - k, -k - 2*r + q = 0. Is k composite?
False
Suppose 8*v = -8*v + 912. Let g = v + -66. Is -3*6/g*(-3057)/(-6) composite?
False
Suppose -8*v + 45*v = 9812141. Is v prime?
True
Let c(h) = h**3 - h**2 + h - 10. Let k be c(0). Let w be (-6)/k + 5*(-12)/(-25). Suppose -2*j + 11603 = w*p, 5*p - j - 19330 = 4*j. Is p prime?
False
Suppose 4*t + 13575 = -5*g, 8*t + 2*g + 13566 = 4*t. Let b = -1823 - t. Is b a composite number?
False
Is -110 + 126 + (-437942)/(-2) composite?
False
Let y = -246590 - -379431. Is y composite?
True
Let r = 216059 - -180404. Is r a composite number?
True
Suppose 0 = -2*a - 56999 + 182517. Is a composite?
True
Suppose -42*i = 32*i - 110*i + 755316. Is i a composite number?
False
Let l be (-1 + 205)/1*(-42)/(-56). Suppose -147*d - 77370 = -l*d. Is d a composite number?
True
Let n(o) be the first derivative of 5*o**3/3 + 8*o**2 - 29*o + 61. Is n(-12) composite?
False
Suppose 10*f + 4*i + 4 = 6*f, 4*f = -2*i + 6. Suppose 5*n = 14*l - 15*l + 44292, -f*n = 4*l - 35424. Is n prime?
False
Suppose a + 2*a - 75 = 0. Suppose a = -4*c + 9*c. Suppose c*s = 415 + 240. Is s prime?
True
Let q = -7801 + 19950. Is q a prime number?
True
Suppose -193*n = -231957 - 25377020. Is n a prime number?
True
Suppose 261*n + 4990401 = 18046408 + 15689750. Is n a prime number?
False
Suppose -21 = -b - 5. Let w(r) = 228*r - 61. Is w(b) a composite number?
True
Let u = -13804 + -103012. Is -3*(2 - 1) - u/149 a prime number?
False
Let o(y) = 3211*y**2 + 96*y + 676. Is o(-7) composite?
True
Suppose 0 = 3*z, 915295 = 5*d - 14*z + 11*z. Is d a composite number?
False
Suppose -6*f + 384999 = -4*j - 1286843, f = 5*j + 278649. Is f prime?
True
Suppose 5*h - 4*d + 28 = 9*h, 2*h + 4*d = 8. Let l(m) = 163*m + 121. Is l(h) prime?
False
Suppose -2*o = -3*z + 5884, 3*o = 4*z - 2*o - 7857. Suppose -5*g + 476 = i, 0*g = 4*i + 2*g - z. Is i a composite number?
False
Is (-91367*22/(-33))/(8/(-6) + 2) prime?
True
Let s(j) = 10*j**3 + 8*j**2 - 17*j + 1. Is s(4) prime?
True
Let v(k) = 14*k**2 - 8*k - 1. Let l be v(1). Is ((-7)/l)/(2/(-5630)) prime?
False
Suppose -3*f = -2*c - 2*c - 1, -4*c + 14 = 2*f. Let a be (26/(-10) + f)*-30. Let p(y) = y**3 + 19*y**2 + 27*y - 1. Is p(a) a prime number?
True
Suppose 4*t - 16 = 12. Suppose -3*w + t = h, 2*h - 10 = -5*w + 2. Suppose 3*x = -3*b + 552 + 1032, -3*x + 1609 = -w*b. Is x a prime number?
False
Let p(m) be the second derivative of 41*m + 0 + 59/6*m**4 - 5/2*m**2 - 5/3*m**3. Is p(-3) composite?
False
Let o(p) = 1306*p - 1. Let t(n) = 1307*n. Let c(x) = -2*o(x) + 3*t(x). Let z be c(-1). Let y = 2520 + z. Is y prime?
True
Let z(y) = -78*y**2 - y**3 + 15*y + 5 + 74*y**2 + 32. Is z(-18) a composite number?
True
Let o = 609 - 606. Suppose -o*g + 1215 = -1776. Is g a composite number?
False
Suppose 0 = -2*o - 49 + 53. Suppose -o*f + 8275 = 5*z, 4*f = 4*z + 8*f - 6608. Is z prime?
True
Let g(t) = 46*t**2 + 35*t**2 + 1 - 23*t**2 + t. Let f = 231 + -232. Is g(f) prime?
False
Suppose -n - 5 = 2*l, 3*n + 3 = -0. Let t(y) = -848*y - 17. Let f be t(l). Suppose -a = 3*m - f, -a + m = -4*m - 1663. Is a prime?
False
Suppose -5*c - f + 25475 = 2*f, 0 = -3*c + 3*f + 15261. Let t = 9739 - c. Is t a composite number?
True
Suppose 0 = 3*a + 3, 0 = 3*c - 7*c - 5*a + 267. Let r = c + -63. Suppose r*p + 425 = 5*s, 5*s + p = 274 + 139. Is s a composite number?
False
Suppose 2*v - 5 = 3. Suppose -4*m = v*j - 38580, -2*j + 27097 = 4*m + 7811. Is j composite?
True
Suppose -2412285 = -23*b + 3*b + 1024295. Is b a composite number?
True
Let w be (18/15)/(-1 - (-56)/50). Suppose 2*j = -w, -3*j + 2*j + 20728 = 3*q. Is q a prime number?
True
Let s = -979 - -2225. Suppose 978 = 3*l - 5*z - 891, 2*l = -4*z + s. Is l prime?
False
Let m(n) = 1 - 2*n**3 - 2*n**3 + 3*n - 20*n**2 + 10*n**2 + 3*n. Is m(-8) a prime number?
True
Suppose -4*h - 15 = -51. Suppose 0 = h*f - f - 22216. Is f a prime number?
True
Is (-18)/45 + 790/200*117532 a composite number?
False
Suppose -9*y + 4 = -7*y. Suppose 6080 = -y*j - 18554. Let i = 22618 + j. Is i composite?
False
Let j = 410 + 6903. Suppose -j = -7*b + 6918. Is b prime?
False
Let c be (-444)/(-37)*2/6. Suppose -5*g - 4*w + 4445 = w, -c*w + 889 = g. Is g composite?
True
Suppose -4*w - 516102 + 12219 = -3*z, -w = z - 167947. Is z a composite number?
False
Is ((-79)/948 + (-5)/(-6))*(-467560)/(-6) a prime number?
False
Let g be 420/126*156/5. Let p = g - -255. Is p a composite number?
False
Let o = 3334 + -2368. Suppose -3*h + 4*f - 331 = -4*h, 3*h + 3*f = o. Let a = -162 + h. Is a a prime number?
True
Suppose 8*m = 7*m + 8440. Let c = m - 13809. Let q = -3082 - c. Is q a composite number?
False
Suppose -11*h + 8*h + 438038 = 4*y, -438058 = -3*h + y. Is h prime?
False
Suppose -3*w - 107623 - 569956 = -4*j, -6*j + 4*w + 1016368 = 0. Is j prime?
False
Let l(f) = -12*f - 264. Let i be l(-23). Let g(u) = 99*u**2 + 21*u - 73. Is g(i) composite?
True
Let k = 42 - 44. Let o be -4 - (-34 - (0 + k)). Suppose o*u - 23*u = 2915. Is u prime?
False
Let q(k) = -41*k**3 + k**2 - 3*k - 98. Is q(-9) prime?
False
Let x(a) = -a**3 + 7*a**2 - 9*a - 9. Let v be x(4). Is (-195700)/(-57) - v*(-3)/(-27) prime?
True
Let z be (-136)/(-12)*(-6)/(-4). Suppose -16805 + 131742 = z*d. Is d a composite number?
False
Suppose -i + 109752 = -38587. Is i a composite number?
False
Suppose -7*k - 368 = 80. Let x = k - -68. Suppose x*f - 8832 + 1444 = 0. Is f a prime number?
True
Suppose -5*b + 386613 = 7*c, 4 = c - 0. Is b a composite number?
False
Let n be (2/(-3))/(4 + (-472)/120). Let q be -4 + (2/2 - 17310). Is q/(-27) + n/45 a composite number?
False
Suppose 8*n = -n + 67032. Suppose a - s = -6*s + n, 3*a + 3*s = 22380. Is a a prime number?
False
Let i(l) = -4*l**2 + 7*l. Let u be i(3). Let a(b) = -3*b**3 + 13*b**2 + 23*b + 124. Is a(u) composite?
False
Let z(r) = 4*r**3 + 3*r**2 + r - 18. Let l(q) = q**3 + q. Let k(v) = -3*l(v) + z(v). Let o be k(8). Suppose 87 + o = w. Is w prime?
True
Let i(h) = -20*h**3 + 12*h**2 - 10*h + 5. Let m(w) = 41*w**3 - 24*w**2 + 21*w - 8. Let t(j) = 13*i(j) + 6*m(j). Is t(-7) composite?
True
Suppose 0 = -5*a + d - 63402, -5*a - 9375 = -2*d + 54029. Is 2 + -2 + a/(-8) a composite number?
True
Let w = 132739 - -111104. Is w a composite number?
True
Let l = 136 - 130. Let d be 20/(-8)*l/(-3). Is 911/d*(-15)/(9/(-3)) composite?
False
Let u be 5 + 212*10/(-4). Let s = 944 + u. Is s a composite number?
False
Let y be (2/4)/((-1)/52). Let m = y + 34. Suppose 937 + 319 = m*g. Is g prime?
True
Let s(a) = 2*a**2 - 13*a - 2. Let l be s(6). Is (-4)/(l/6) - -1040 a composite number?
True
Let v = 1680 + 658. Is (165/22)/15*v*1 prime?
False
Suppose -7*j + 55 = -29. Let y be (-4)/j + 28/3. Let n(s) = 39*s - 20. Is n(y) a prime number?
True
Let d = -23684 + 58863. Is d a prime number?
False
Suppose -4*w = 3*v - 1538 - 6797, 2*w + v = 4169. Suppose w = 2*i - 3928. Is i prime?
False
Let r be ((-228)/16)/(4 + 116/(-32)). Let z = -40 - r. Is z/((-3)/((-4026)/(-4))) + 2 composite?
False
Let r = -86 + 122. Let u = 39 - r. Suppose -2*w + 1170 = u*c + w, -5*w = 15. Is c a prime number?
False
Suppose 23*s - 65920137 = -65*s - 9086305. Is s prime?
True
Let f(v) = 10*v**3 + 27*v**2 + 36*v + 153. Is f(26) a composite number?
True
Let j(v) = 10630*v + 4851. Is j(112) a composite number?
True
Let l be (-3)/(-12) - (-3 - 105/12). Is -3 + l/(-4) + 6265 prime?
False
Suppose 0 = 4*a + k - 0*k - 12, -4